40, p + p + 3*c = 159. What is the highest common factor of 105 and p?
21
Let y = 1066 + -868. Calculate the greatest common divisor of y and 36.
18
Let k be (-6)/21 + 284/14. Let b(p) = p**2 + 8*p + 13. Let s be b(-13). Let v = s + -68. Calculate the highest common divisor of v and k.
10
Let a(u) = -28*u - 725. Let v be a(-26). Suppose -2*d = -4*p - 0*d + 70, 4*d = -20. What is the greatest common factor of v and p?
3
Suppose -2*z + 89 - 71 = 0. What is the greatest common factor of 63 and z?
9
Let l = 1647 - 1587. Calculate the greatest common divisor of l and 12.
12
Suppose -n + j - 2*j = -10, 0 = 2*n + 5*j - 23. Let g be ((-30)/n)/((-14)/21). Calculate the greatest common factor of g and 25.
5
Let l be 1*(392/4 - -3). Let w = l - 70. Suppose -w - 5 = -2*m. What is the greatest common divisor of m and 27?
9
Suppose -4*b + 2*f + 61 = -393, -2*f = 5*b - 545. What is the greatest common divisor of b and 185?
37
Let i be (24/(-21)*-3)/((-2)/(-14)). Suppose 28*h - i*h = 504. Let b be 12 + -9 + 5*3. Calculate the greatest common factor of b and h.
18
Suppose 5*y - 100 = -45. Suppose 3*s + y = 95. What is the highest common divisor of s and 224?
28
Let h(p) = 45*p**2 - 25*p + 3. Let q be h(3). Calculate the greatest common divisor of q and 18.
9
Let c(l) = -4*l + 12. Let u be c(-3). What is the greatest common divisor of 108 and u?
12
Let a(t) = 2*t + 179. Let x be a(32). What is the highest common divisor of 54 and x?
27
Suppose -4*j + 5*i = i - 188, -9 = 3*i. Calculate the highest common factor of j and 352.
44
Let n = 4 + -2. Suppose 4*v = 4, h - n*v - 20 = -h. What is the greatest common factor of h and 11?
11
Let l = -6 - -10. Suppose 4*w + 79 + 9 = 2*i, -l*i = 5*w - 228. What is the greatest common divisor of 13 and i?
13
Let y(d) = -3*d - 7. Let b be y(-4). Suppose -4*a = -4*v - 72, 0*a + 105 = b*a - 2*v. Let o = 27 - a. What is the highest common divisor of o and 28?
4
Let i(o) = 3*o**2 + 4*o + 5. Let k be i(-2). Let m be (88/(-6))/(-4) + 3/k. Calculate the greatest common factor of 14 and m.
2
Let s be ((-3)/(3/14))/(6 + -8). Let p(d) = d + 7. Let v be p(-6). Calculate the highest common divisor of s and v.
1
Let a be 4 - ((-4)/(-2) + 2). Let y be 3/1 + a/3. What is the greatest common factor of y and 12?
3
Let a be ((-8)/(-5))/(7/280). Suppose -5*n + a = 3*f, -8*n + 46 = -3*n - 3*f. What is the greatest common divisor of n and 11?
11
Suppose -7 - 41 = -t. Calculate the greatest common factor of t and 66.
6
Let t be 3/6*(104 + -14). What is the highest common divisor of 435 and t?
15
Suppose 4*h + 134 = 578. Suppose i - 145 = -5*y + 6, y - 2*i - 39 = 0. Let x = h - y. Calculate the highest common factor of x and 8.
8
Suppose r - 5*r + 15 = -j, 35 = 4*j + 3*r. Let t(h) = -h**3 + 7*h**2 - 11*h + 7. Let b be t(j). What is the greatest common factor of 16 and b?
2
Let o(t) = -t**2 - 16*t + 2. Let y be o(-10). Let g = y + -8. What is the highest common divisor of g and 6?
6
Suppose -25*s + 98 + 77 = 0. Calculate the greatest common factor of 2653 and s.
7
Suppose k + 5*u - 270 = 0, 0 = 39*u - 35*u + 4. Calculate the highest common divisor of k and 25.
25
Let w be (-1)/(9/(-42)*(-1)/(-6)). What is the greatest common factor of 80 and w?
4
Suppose 0 = -9*i + 5*i + 8, 2*i = -3*j + 64. What is the highest common factor of j and 790?
10
Suppose -10*l + 30*l = -4*l + 2376. Let t be 1*(-12)/(-1) + -1. Calculate the highest common divisor of t and l.
11
Let u(k) = k**2 + 2*k - 28. Let z be u(-12). Let x = 106 - z. What is the greatest common factor of 70 and x?
14
Let c = -1033 + 1049. What is the highest common factor of 128 and c?
16
Let c(g) = -2*g + 162. Let v be c(12). Calculate the greatest common factor of v and 12.
6
Let j be 0 + (-9)/15 + (-1878)/(-30). What is the highest common factor of 2 and j?
2
Let y(m) = 2*m**2 + 25*m - 94. Let q be y(-22). Calculate the greatest common factor of q and 24.
12
Let a = 2405 + -437. What is the highest common divisor of a and 123?
123
Suppose -126 = 4*a - 11*a. What is the highest common factor of a and 144?
18
Suppose -j + 7 = -z - 1, -3*j - 2*z = -19. Suppose -y = -j + 5. Suppose -557 = -2*k + r, -y*r - 282 = -k - 5. Calculate the highest common factor of k and 31.
31
Let f = 275 - 231. Suppose 3*j + 63 = g, -2*g = j + j - 94. Let o = g + -29. What is the greatest common factor of f and o?
22
Let x(d) = -d**2 + 4*d + 93. Let k be x(10). What is the greatest common divisor of k and 341?
11
Let y(h) = -h**2 + 37*h - 260. Let q be y(12). What is the greatest common factor of 440 and q?
40
Let o be 2/3*2*(-27)/(-12). Suppose 20 = 5*p, -c - p + 132 = o*c. Calculate the greatest common divisor of 4 and c.
4
Suppose 2*n + 4 = 2*c, 8 = 4*c + n - 2*n. Suppose c*m - 6 = 6. Let i = -57 + 87. What is the highest common factor of i and m?
6
Suppose 3*z = -5*z + 496. Let w = z + -30. What is the greatest common factor of w and 80?
16
Let w = -32 + 60. Let i be ((-6)/(-9))/((-2)/(-12)). Calculate the highest common factor of w and i.
4
Let d(a) = -3*a**3 + 3*a**2 + 10*a + 2. Let y be d(-2). What is the greatest common factor of 72 and y?
18
Let a = 267 + -202. Calculate the highest common divisor of a and 13.
13
Let l = -216 + 236. Calculate the highest common factor of 5 and l.
5
Let s = -2 + -8. Let n be 15/s - (-18)/4. Suppose 48 = z + n*z. What is the greatest common factor of 132 and z?
12
Suppose 0 = 2*p + r - 36, 2*p = 5*p + 4*r - 54. Suppose c - p = -5*c. Suppose t = 5*q - 85, 36 = c*q - 2*q - 4*t. What is the highest common divisor of 2 and q?
2
Suppose -4*k = -4*v - 4, -5*k = 4*v - 0*k - 23. Let u(d) = 11 + d**2 - 5 + 0*d**v. Let l be u(0). What is the greatest common factor of 48 and l?
6
Suppose -54*f + 53*f = -286. Let b be (f/10)/(1/5). What is the greatest common factor of b and 13?
13
Let g(w) = -9*w - 14. Let u be g(-5). Let n = u - 28. Let v(z) = -z**3 + 6*z**2 - 4*z - 3. Let k be v(5). Calculate the greatest common factor of k and n.
1
Let h(d) = -90*d - 97*d + 188*d + 7. Let y be h(-5). Calculate the greatest common factor of 22 and y.
2
Suppose 4*j - 5*m - 6 - 18 = 0, 4*j = -m. Let k be j + (-3)/(6/(-34)). Suppose -4*n = -n - k. What is the highest common factor of n and 6?
6
Suppose 6*y + 355 - 481 = 0. Let f(h) = 8*h + 4. Let v be ((-40)/14)/(12/(-42)). Let q be f(v). Calculate the greatest common divisor of y and q.
21
Suppose -4*q = -20, -n + 4*q + 11 = 5*q. Let o be ((-24)/14)/(30/(-1365)). Suppose n*x - 18 = o. Calculate the highest common factor of x and 48.
16
Suppose 0 = -n - 0*n + 11. Let x = -96 - -98. Let h be 10 + (x - 3) + 20 + -18. Calculate the greatest common divisor of n and h.
11
Suppose 5*x + g = -6 - 46, x - g + 14 = 0. Let s(d) = -3*d**2 - 34*d + 1. Let v be s(x). Let r = -34 - -166. Calculate the highest common factor of r and v.
12
Suppose 5*g + 0*g - 2450 = 0. Suppose 5*d - g = -0*d. Let k(p) = 2*p**2 - 4. Let o be k(3). Calculate the greatest common divisor of o and d.
14
Suppose -5*f = -2*d - 8*f + 63, 5*d + 4*f - 154 = 0. Let s be 5/((-125)/d)*(-15)/2. Calculate the highest common factor of 45 and s.
9
Let h = 636 + -620. What is the greatest common factor of h and 5?
1
Let o(p) = -215*p - 14. Let j be o(-4). Suppose -3*a + 784 = -5*v + 295, -2*v + j = 5*a. Let s = 41 - 20. What is the highest common divisor of a and s?
21
Let i(x) = 5*x + 23. Let v be i(-4). Suppose z = -v + 41. Calculate the highest common factor of z and 152.
38
Suppose 19*l - 1096 = 1640. Calculate the highest common divisor of 54 and l.
18
Let k(f) = -2*f**2 + 25*f + 34. Let s be k(13). Calculate the highest common factor of s and 7.
7
Let s be 557/2 + (-1)/(-2). Let v = -19180 - -19211. Calculate the greatest common divisor of v and s.
31
Let b be (1054/155)/(3/120). Calculate the highest common factor of b and 17.
17
Let m be 0*((-44)/16 - -3). Suppose -13*j + 14*j - 4 = m. Calculate the highest common factor of j and 2.
2
Suppose -f = -4*s + 127, -3*s - 4*f + 9 = -110. Calculate the highest common divisor of s and 297.
33
Let c be 1/2*(73 - (-9)/(-3)). Let v be ((-315)/36)/(1/(-4)). What is the highest common factor of c and v?
35
Let y = -101 + 155. What is the greatest common factor of y and 45?
9
Let m = 1246 + -1129. Calculate the greatest common divisor of m and 78.
39
Let x = 2148 - 2